6*j - 12. Let v be x(13). What are the prime factors of 6/(-27) + 816/v + 3?
3, 11
Suppose 2*v - m - 61 = 0, -v - 3*v = 4*m - 128. Let f be 2/(-6)*(16 - v). Suppose -f*u + 28 = 2*u. List the prime factors of u.
2
List the prime factors of (6 - -1108)*2/(-6)*-222.
2, 37, 557
Let h be (-2 - 2)/4*-1*302. Suppose h + 62 = 2*g. What are the prime factors of g?
2, 7, 13
Let x = 1440 - 2118. Let s = x + 1246. List the prime factors of 1*(3/6)/(2/s).
2, 71
List the prime factors of (((-24)/72)/((-1)/(-6)))/(2/(-15651)).
3, 37, 47
Suppose -198927 = -63*j + 294363. What are the prime factors of j?
2, 3, 5, 29
Let y(p) = 35*p**2 - 69*p - 150. List the prime factors of y(30).
2, 3, 5, 61
What are the prime factors of 89627*(-1)/(-15) + 106/(-795)?
5, 239
Let a(k) = -11*k**2 - 11*k + 2. Let o(m) = 2*m**2 - 2*m. Let t(f) = -a(f) + 4*o(f). List the prime factors of t(5).
2, 61
Suppose -g + 1456 = -2*x, 2*x = -x + 12. Suppose 3*y = 11*y + g. Let a = 292 + y. List the prime factors of a.
109
Suppose -5*t + 5 = 0, 5*g - t = -4027 - 609. Let v = g + 2114. List the prime factors of v.
1187
Suppose 0 = 3*w - 5*w + 4*n - 826, -2*n = -6. Let q = 144 - w. List the prime factors of q.
19, 29
Let c(r) = -2*r - 10. Let n be c(-7). Suppose 3*i - 71 = -2*f, -3*i - 5*f + 47 + 27 = 0. Suppose -37 - i = -n*x. What are the prime factors of x?
3, 5
Let p(m) = 2*m + 5. Let k be p(0). Suppose 0 = 2*i + 2, 5*r - 100 = k*i + 245. What are the prime factors of r?
2, 17
Let l(x) = 70*x**3 + 2*x**2 - 81*x + 471. What are the prime factors of l(5)?
2, 11, 13, 31
Let n(y) = -32*y**2 - y + 81*y**2 - 51*y**2 - 120*y**3. Let m(h) = h**2 + 4*h + 2. Let g be m(-3). List the prime factors of n(g).
7, 17
Let l(q) = -q**2 + 5*q - 4. Let n be l(2). Suppose 3*b - 235 = 4*m, n*m - 353 = -5*b - m. Let j = b + 11. What are the prime factors of j?
2, 3, 7
Let b = 208 - 38. Suppose -b*q + 804 = -166*q. What are the prime factors of q?
3, 67
Let t = 37522 - 2721. What are the prime factors of t?
13, 2677
Let z = 642 + -639. What are the prime factors of (-2626)/(2 - 4) - -1*z?
2, 7, 47
Suppose -g + 66734 = 3*b + 26312, 3*b = 4*g - 161568. List the prime factors of g.
2, 3, 6733
Suppose 12*w + 3086 - 18086 = 0. Suppose 8*b = 8946 - w. What are the prime factors of b?
2, 13, 37
Suppose 6*d = 156 + 24. Let r be (75/d)/(-1*2/(-4)). Suppose r*s - 454 = 331. What are the prime factors of s?
157
Let q(c) be the third derivative of c**5/12 + c**4/12 - c**3 + 5*c**2 + 4*c. List the prime factors of q(9).
3, 139
Suppose 0 = 17*a - 11*a - 48. Let j(w) = w**3 - 7*w**2 + 13*w + 8. What are the prime factors of j(a)?
2, 11
Let g(v) = -v**3 + 12*v**2 - 2*v - 26. Let m be (1 + 3)/(-4)*(-5)/1. List the prime factors of g(m).
139
Let d(f) = 3*f - 15. Let r be (9 - 3) + 4 + -2. Let p be d(r). Suppose 0 = -5*o + p*o - 96. What are the prime factors of o?
2, 3
Suppose 5*b = -4*v + 24, 0*v + 3*v = -3*b + 15. Suppose -b*x + 9*x + 166 = -2*d, -2*d + 3*x = 134. Let y = d + 130. List the prime factors of y.
3, 19
Suppose s = 3*b - 36327 + 6420, 5*b - s = 49847. What are the prime factors of b?
2, 5, 997
Suppose -2*y - 5*t = -6448 - 10071, 0 = 4*y + 3*t - 33003. What are the prime factors of y?
3, 2749
Suppose 145*v + 1240 = 140*v. Let j = 432 + v. What are the prime factors of j?
2, 23
Let f(n) be the first derivative of 80*n**2 - 245*n + 153. List the prime factors of f(5).
3, 5, 37
Suppose 884895 = 92*p - 278727 - 709314. What are the prime factors of p?
2, 3, 13, 29
Let h = 24648 + -17333. What are the prime factors of h?
5, 7, 11, 19
Suppose -964 = -2*a + i - 5*i, 3*i + 1410 = 3*a. Suppose -5*j - 11*t = -9*t - 2370, -2*t = j - a. List the prime factors of j.
2, 3, 79
Suppose -3*m - 439314 = -13*k, 0 = 3*k - 2*m - 2*m - 101400. What are the prime factors of k?
2, 3, 11
Let j(y) = 135*y**3 - 3*y**2 - 18*y + 31. What are the prime factors of j(6)?
5, 19, 61
Let k(g) = -g**3 - 2*g**2 + 1. Let r be k(-3). Suppose -i = 10 - r. Suppose c + 7*c - 640 = i. List the prime factors of c.
2, 5
Suppose -h = -4*h + 36. Suppose 1562 = h*i + 470. What are the prime factors of i?
7, 13
Suppose -48 + 33 = -3*w. Suppose -w*v = n - 66, -2*n + 3*n - 21 = 4*v. List the prime factors of n.
41
Let o be 12 + (2/6)/(1/(-9)). Suppose 0 = -12*g + o*g + 6. List the prime factors of (-4)/10*-265*g/2.
2, 53
Let a(b) = -b**3 + 22*b**2 + 66*b + 3. What are the prime factors of a(11)?
2, 5, 103
What are the prime factors of (-1)/(1/(-6))*(2258 - (-3 + 10))?
2, 3, 2251
Suppose 2*x - 9 = 13. Let a(f) = -2*f + 27. Let c be a(x). Suppose 0 = 3*p - 4*p + 5, c*l - 835 = -p. List the prime factors of l.
2, 83
Let u = -136790 - -192333. What are the prime factors of u?
67, 829
Let h = -1225 - -637. Let z = -355 - h. What are the prime factors of z?
233
Let g(a) = -a**3 + 9*a**2 - 2*a + 21. Let d be g(9). Suppose -7*f = -d*f - 48. Suppose -13*v = -f*v - 113. List the prime factors of v.
113
Let y be ((-209)/(-44))/(2/(-8)) - 0. Let i = y + 21. List the prime factors of 2 + 84/(-63)*(-261)/i.
2, 11
Suppose 4*s - 3126 = -3*w, 2*s + 2*w - 1572 = 5*w. Let b = 1347 - s. List the prime factors of b.
2, 3, 47
Suppose -7*k - 59304 = -9*k + 5*r, 2*r - 148347 = -5*k. List the prime factors of k.
3, 11, 29, 31
Let a(i) = 22*i**2 - 11*i + 17. List the prime factors of a(-14).
4483
Suppose 0 = -2*h, -717 = -2*x + 4*h + 583. Suppose -8*f + x = -494. What are the prime factors of f?
11, 13
Let c be ((-8)/5)/((-102)/(-30) + -3). Let i be c - ((-208)/24 + (-1)/3). Suppose i*g - 2*g - 372 = 0. What are the prime factors of g?
2, 31
Suppose -5*j - 7*j = -636. Let a = j - 53. What are the prime factors of 4*25 - (2 - (a - -2))?
2, 5
Let d(f) = 65*f**2 - 5. Let o = -35 - -40. List the prime factors of d(o).
2, 3, 5
Let w be (0 - -4) + (-9 - 1). Let o = w + 11. Suppose o*m - 2*m - 583 = -2*i, -2*i = -4*m + 768. What are the prime factors of m?
193
Let p = 101 + -93. Suppose p*h - 720 = 4*h. Let c = h + -77. List the prime factors of c.
103
Let m = -42 - -52. Let x be 3/(-9) - 2*m/(-6). What are the prime factors of 47 + 6/3 + x?
2, 13
Let s(o) = -o**2 - 19*o - 33. Let w be s(-17). Let a be -1 - w - (-1 + -91). Let z = 69 + a. What are the prime factors of z?
3, 53
Let l = -492 + 445. Let u = 73 - l. What are the prime factors of u?
2, 3, 5
Let t = 405 + -131. Suppose 4*o = 2*v - o - t, -4*o - 140 = -v. List the prime factors of v.
2, 3, 11
Let i = -495 - -495. Suppose i = -6*s + 29*s - 38801. List the prime factors of s.
7, 241
Let d(x) = 98*x**2 - 97*x + 3. List the prime factors of d(-12).
3, 11, 463
Suppose 0 = -11*o - 16*o + 13473. Let b = o + 624. What are the prime factors of b?
1123
Let y(q) = -q**3 + 6*q - 2. Let w(u) = -u**3 + 7*u - 1. Let k(f) = 6*w(f) - 7*y(f). Let n be k(0). Let l(c) = 18*c - 24. List the prime factors of l(n).
2, 3, 5
What are the prime factors of (-84)/189 + (-151856)/(-18)?
2, 3, 19, 37
Let l = 8 - 6. Suppose -5*g + 78 + 367 = 2*o, 0 = l*o + 4*g - 442. Let h = o - 128. List the prime factors of h.
3, 29
Let p(r) be the first derivative of -5*r**4/4 - 14*r**3/3 + r**2/2 + 41*r + 59. List the prime factors of p(-7).
1063
Suppose 0 = 15*n - 16*n + 5. Suppose n*s = 0, 18*s = -2*m + 17*s + 262. List the prime factors of m.
131
Let z(q) = -q**3 + 10*q**2 - 10*q - 6. Let y be z(11). Let k = -63 - y. List the prime factors of k.
2, 3, 29
Let f(b) = -558*b - 97. List the prime factors of f(-6).
3251
Suppose 3*u - 5*f + 2616 - 9289 = 0, -3*u + 2*f + 6685 = 0. List the prime factors of u.
23, 97
Suppose 12*s + 140623 = 450199. List the prime factors of s.
2, 12899
Suppose 25*c = 4965 + 13535. Suppose -12*j - c + 2504 = 0. List the prime factors of j.
3, 7
Suppose 0*h + 6*h - 18 = 0. Suppose 4 = h*q - 128. Suppose q*p + 920 = 48*p. What are the prime factors of p?
2, 5, 23
Let f be 9/(-2)*(-3)/(54/(-1596)). Let g = 860 + f. What are the prime factors of g?
461
Let p = 25 - 13. List the prime factors of (-3 + p)*(-74)/(-6).
3, 37
What are the prime factors of -6 + 5 + -4 - -47617?
2, 11903
Let w = 37 - 90. Let j = -49 - w. What are the prime factors of (6/j)/1*546/9?
7, 13
Let j(y) = 21*y - 36 - 30*y + 235*y + 18. List the prime factors of j(3).
2, 3, 5, 11
Suppose w + 6 = 4*w. Suppose -q + 6 = 2*d, 0*q = -w*d + 3*q - 2. Suppose d*j = s - 2*j - 36, -j + 3 = 0. Wha